e number?
True
Is 7160593589 prime?
True
Is 1093357 prime?
True
Is 7904889719 composite?
False
Is 9794441561 a composite number?
False
Is 372538841 a composite number?
True
Is 13498156669 prime?
False
Is 803461457 composite?
False
Is 826320917 a prime number?
False
Is 1310241479 a prime number?
True
Is 7837453807 composite?
False
Is 4517122153 a prime number?
True
Is 27809384093 prime?
True
Is 481602047 a prime number?
False
Is 1056482233 a prime number?
True
Is 25065858793 a prime number?
True
Is 48925399807 a composite number?
False
Is 30205261 composite?
True
Is 14208098669 a composite number?
False
Is 269190469 a prime number?
True
Is 8870480581 a composite number?
True
Is 1461787219 a prime number?
True
Is 9803731243 composite?
True
Is 45262593359 a composite number?
True
Is 2708849903 composite?
False
Is 1419288371 prime?
True
Is 939398701 a composite number?
False
Is 205940197 a composite number?
True
Is 893094299 a composite number?
True
Is 1435188171 prime?
False
Is 4962095009 prime?
True
Is 2084665621 a composite number?
False
Is 118262927 a composite number?
True
Is 10136281183 a prime number?
False
Is 60837090341 a prime number?
False
Is 63296642347 a prime number?
True
Is 789452605 composite?
True
Is 32290798217 a prime number?
True
Is 832451927 composite?
False
Is 2561502091 composite?
False
Is 7943899429 prime?
True
Is 303146897 prime?
False
Is 12875960921 a composite number?
False
Is 2913925081 a composite number?
True
Is 46596215301 composite?
True
Is 2005922561 a prime number?
False
Is 46913232659 a prime number?
False
Is 4925676311 prime?
True
Is 1211018207 a composite number?
True
Is 9606972247 a composite number?
True
Is 4726448141 composite?
False
Is 862412719 a prime number?
False
Is 172114461371 a composite number?
True
Is 57577860647 a composite number?
False
Is 3828073327 composite?
True
Is 956370685 a composite number?
True
Is 688257077 prime?
True
Is 51761961239 a composite number?
True
Is 1635445471 a prime number?
False
Is 69525300851 prime?
True
Is 790051033 a prime number?
True
Is 47056417 prime?
True
Is 80702051 a composite number?
False
Is 112056017861 a composite number?
False
Is 1710859489 composite?
False
Is 8279498651 a prime number?
False
Is 16092572393 prime?
False
Is 7174783631 prime?
True
Is 15535012993 composite?
False
Is 675536018 prime?
False
Is 1502690333 a prime number?
False
Is 3536672037 prime?
False
Is 9220333553 a composite number?
False
Is 1612026943 a composite number?
True
Is 1886553023 composite?
False
Is 2660460433 prime?
True
Is 17755269547 a prime number?
False
Is 23338992947 composite?
False
Is 680092121 prime?
True
Is 21657686557 a composite number?
True
Is 73815088397 a prime number?
True
Is 2420357657 prime?
False
Is 210494357 composite?
True
Is 10799678839 a composite number?
True
Is 368958647 a composite number?
False
Is 160070818261 prime?
True
Is 1148228401 composite?
True
Is 37071260151 a prime number?
False
Is 15693088489 prime?
False
Is 1630163897 a composite number?
False
Is 65320951 a prime number?
True
Is 7132378047 a composite number?
True
Is 416307929 a prime number?
False
Is 21630419813 prime?
False
Is 3656492585 composite?
True
Is 78726379029 a prime number?
False
Is 657547797 prime?
False
Is 1060210787 a composite number?
False
Is 14423765969 a prime number?
True
Is 1539528461 composite?
True
Is 38210589433 a prime number?
True
Is 61151791 a composite number?
False
Is 2947238741 prime?
False
Is 2181090193 a composite number?
False
Is 339205987 prime?
True
Is 83225273 a prime number?
False
Is 20563340561 prime?
False
Is 193289230499 composite?
False
Is 77387317781 composite?
False
Is 16311898951 a prime number?
True
Is 1210425081 prime?
False
Is 886046093 prime?
True
Is 29991106867 a prime number?
False
Is 2671117507 prime?
True
Is 396025733 composite?
False
Is 764679847 prime?
True
Is 435112819 a composite number?
True
Is 163419089 a composite number?
True
Is 170175836711 prime?
True
Is 30541146943 a prime number?
False
Is 648532349 a composite number?
False
Is 2946284563 prime?
True
Is 18532272437 a prime number?
False
Is 13959567101 a composite number?
False
Is 715748743 a composite number?
True
Is 158419147 a prime number?
False
Is 2315773597 a prime number?
True
Is 7839050129 prime?
True
Is 671332529827 composite?
False
Is 39990268651 a composite number?
False
Is 106354971631 prime?
False
Is 2340124667 a composite number?
False
Is 584125573 prime?
False
Is 70973485753 a composite number?
True
Is 356478997 composite?
True
Is 637637347 prime?
False
Is 3585291799 composite?
True
Is 81892709 a composite number?
True
Is 1009685231 composite?
True
Is 327893513 composite?
True
Is 20131116403 a composite number?
False
Is 3828371467 a composite number?
True
Is 7077481258 a composite number?
True
Is 342117901 a composite number?
True
Is 5182584027 a prime number?
False
Is 11505966011 prime?
True
Is 60572475317 composite?
True
Is 79588294763 a prime number?
True
Is 14418943291 prime?
True
Is 123257212401 prime?
False
Is 1338327967 a prime number?
True
Is 1551208037 composite?
False
Is 44271644539 composite?
False
Is 10538643827 a composite number?
False
Is 1021685237 composite?
True
Is 120982145263 a prime number?
False
Is 656981081 a composite number?
True
Is 390229082 prime?
False
Is 832783363 a composite number?
True
Is 2019103391 a composite number?
False
Is 43257936151 composite?
True
Is 133498826429 prime?
True
Is 878674523 a composite number?
False
Is 7121960641 a composite number?
False
Is 47352640307 a prime number?
False
Is 3274549001 prime?
True
Is 8548019593 a composite number?
False
Is 27192123527 composite?
False
Is 40378169243 prime?
False
Is 35214364439 composite?
False
Is 32508314681 a prime number?
True
Is 116922063311 a prime number?
True
Is 29278137047 composite?
False
Is 3603857 prime?
True
Is 1893477554 a composite number?
True
Is 5320673 a composite number?
False
Is 11353621451 a composite number?
False
Is 3714134579 prime?
True
Is 3442023731 composite?
True
Is 8712548449 a prime number?
False
Is 3424976771 prime?
False
Is 187602413 prime?
True
Is 7838197231 a composite number?
False
Is 19107672761 composite?
True
Is 356117929 prime?
True
Is 94997063497 a composite number?
True
Is 26288851903 prime?
False
Is 145721168503 prime?
False
Is 309221147 prime?
False
Is 8592003967 a prime number?
True
Is 361983701 prime?
True
Is 27474103829 prime?
True
Is 692586529 a composite number?
False
Is 2122067203 a prime number?
True
Is 32443418927 prime?
False
Is 7608608569 composite?
True
Is 153183799 a prime number?
True
Is 1747069439 a composite number?
True
Is 609334529 prime?
True
Is 178987231469 prime?
True
Is 3870692759 composite?
False
Is 118096931 a prime number?
False
Is 1560626411 a composite number?
True
Is 76852819135 composite?
True
Is 280871831 a prime number?
False
Is 2764433977 composite?
True
Is 196348433 composite?
True
Is 98094557359 a composite number?
False
Is 2796983473 prime?
False
Is 2786295599 composite?
False
Is 1277951809 prime?
False
Is 1599416071 a prime number?
False
Is 36358571 composite?
True
Is 2316105637 composite?
True
Is 594663709 a prime number?
False
Is 39711537937 prime?
True
Is 31496263153 a composite number?
False
Is 4398630391 a prime number?
False
Is 7434302323 composite?
True
Is 290111359 composite?
True
Is 320023663 composite?
False
Is 39732037827 prime?
False
Is 289163059 a composite number?
False
Is 107333364659 composite?
False
Is 624222073 a prime number?
True
Is 91850912513 composite?
True
Is 8240549323 a composite number?
False
Is 4415004709 a prime number?
True
Is 442702769 a composite number?
False
Is 1214460493 a composite number?
False
Is 24115954523 a prime number?
True
Is 8502987419 composite?
True
Is 129047689 a prime number?
True
Is 19475331277 a prime number?
True
Is 4918726741 a prime number?
False
Is 362531461943 prime?
False
Is 8069111123 a composite number?
False
Is 297033161 prime?
True
Is 112420811 a composite number?
True
Is 75401263559 prime?
False
Is 301215493 a prime number?
False
Is 117782761 prime?
True
Is 11404608571 a prime number?
True
Is 32098157557 a composite number?
True
Is 22195756133 a composite number?
False
Is 6512338522 prime?
False
Is 1358035769 prime?
False
Is 163174493 composi